{"id":938,"date":"2022-02-04T21:37:35","date_gmt":"2022-02-05T01:37:35","guid":{"rendered":"https:\/\/kalebcamacho.com\/veredas\/?post_type=eventer&#038;p=938"},"modified":"2026-03-08T18:58:49","modified_gmt":"2026-03-08T22:58:49","slug":"senderismo-hiking-al-charco-el-pilon","status":"publish","type":"eventer","link":"https:\/\/veredasdemitierra.net\/en\/eventer\/senderismo-hiking-al-charco-el-pilon\/","title":{"rendered":"Hiking (#hiking) to El Pil\u00f3n pond and the Church"},"content":{"rendered":"<div class=\"wp-block-columns is-layout-flex wp-container-core-columns-is-layout-1 wp-block-columns-is-layout-flex\">\n<div class=\"wp-block-column is-layout-flow wp-block-column-is-layout-flow\"><\/div>\n<\/div>\n\n\n\n<div class=\"wp-block-columns is-layout-flex wp-container-core-columns-is-layout-2 wp-block-columns-is-layout-flex\">\n<div class=\"wp-block-column is-layout-flow wp-block-column-is-layout-flow\">\n<h3 class=\"wp-block-heading\" id=\"tour\">TOUR<\/h3>\n\n\n\n<p>Dare to enjoy one of the most beautiful forests between Maricao and San Germ\u00e1n as well as its waters, crystalline and sacred waterfalls. We will explore the unique riverside ponds until we reach the impressive Pil\u00f3n waterfall and the ancestral area of the Church. From there you will appreciate and enjoy a sacred place and the entire natural and healing environment.<\/p>\n\n\n\n<h3 class=\"wp-block-heading\" id=\"especificaciones-del-evento\">Event specifications:<\/h3>\n\n\n\n<ul class=\"wp-block-list\">\n<li><strong>Difficulty level:<\/strong> qualified course of a regular level (2) and (3) good physical condition is required for this type of event. The activity includes a 3-hour walk.<\/li>\n\n\n\n<li>*You will be walking through some slippery spaces and over rocks.&nbsp;<\/li>\n\n\n\n<li>*Activity for adults and young people between the ages of 12 and 20 who are authorized by their parents and accompanied by an adult.<\/li>\n\n\n\n<li>You should come with a good breakfast.<\/li>\n\n\n\n<li>You must read and complete the waiver of responsibility document upon arrival at the meeting point.<\/li>\n\n\n\n<li><strong>Meeting point:<\/strong><br>Parking lot of the Mes\u00f3n sandwiches de San Germ\u00e1n, we leave for Charco El Pil\u00f3n at 9:00 am punctually, so we recommend arriving before or on time.<\/li>\n\n\n\n<li><strong>Link with google pin:<\/strong>&nbsp;<a href=\"https:\/\/goo.gl\/maps\/SdSuSzmPMpEWJF8J6\">Google Maps<\/a><\/li>\n\n\n\n<li><strong>Meeting time:<\/strong> 8:30 a.m.<\/li>\n\n\n\n<li><strong>Schedule<\/strong>: 9:00 am-1:30 pm (approx.)<\/li>\n\n\n\n<li><strong>Input: <\/strong>$45<\/li>\n<\/ul>\n\n\n\n<h3 class=\"wp-block-heading\" id=\"equipo-requerido\">Required equipment:<\/h3>\n\n\n\n<ul class=\"wp-block-list\">\n<li>car in good condition that can climb steep and narrow roads for more than 30 minutes (if not, they must be willing to do carpooling).<\/li>\n\n\n\n<li>Closed footwear\/preferably field boots and\/or water shoes.<\/li>\n\n\n\n<li>pants and long shirt (light colors)<\/li>\n\n\n\n<li>reusable water bottle.<\/li>\n\n\n\n<li>If you bring your lunch you must bring your reusable utensils.<\/li>\n\n\n\n<li>bring your swimsuit.<\/li>\n\n\n\n<li>drinking water (2 liters to 1 gallon).<\/li>\n\n\n\n<li>healthy snacks and lunch.<\/li>\n\n\n\n<li>change of clothes and towel.<\/li>\n\n\n\n<li>layer to keep dry in case of rain.<\/li>\n\n\n\n<li>sunscreen.<\/li>\n\n\n\n<li>glasses.<\/li>\n\n\n\n<li>camera (preferably shockproof and waterproof).<\/li>\n\n\n\n<li>hat or cap.<\/li>\n\n\n\n<li>Insect repellent.<\/li>\n<\/ul>\n<\/div>\n\n\n\n<div class=\"wp-block-column is-layout-flow wp-block-column-is-layout-flow\">\n<h3 class=\"wp-block-heading\" id=\"esta-experiencia-incluye\">This experience includes:<\/h3>\n\n\n\n<ol class=\"wp-block-list\">\n<li>Educational and interpretive experience, tour guided by a trained and certified professional.<\/li>\n<\/ol>\n\n\n\n<h3 class=\"wp-block-heading\" id=\"dificultad-de-eventos\">Event Difficulty:<\/h3>\n\n\n\n<p><strong>Level 1:<\/strong> Easy \/ we recommend it for people of all ages.<\/p>\n\n\n\n<p><strong>Level 2:<\/strong> Regular\/includes moderate walks for more than 1 hour, so we recommend parental discretion and supervision over their children&#039;s participation.<\/p>\n\n\n\n<p><strong>Level 3:<\/strong> Difficult \/ we recommend it only for people accustomed to long, difficult walks on uneven terrain. We do not recommend the participation of children.<\/p>\n\n\n\n<p><strong>Level 4:<\/strong> Extreme \/ we recommend it only for people in excellent physical condition who can handle the challenges of the nature of the place. Includes long walks under difficult environmental conditions. We check your physical condition, your equipment and your clothing before starting.<\/p>\n\n\n\n<p>**For more information, doubts and\/or questions you should call 939-464-2122.<\/p>\n\n\n\n<p>To reserve your space you must send your contribution through ATH M\u00f3vil to 939-464-2122, ATH M\u00f3vil Business using: \/veredasdemitierra or through PayPal.<br><br>***WE RESERVE THE RIGHT OF ADMISSION***<\/p>\n\n\n\n<p>*MAXIMUM QUOTE: 12 to 15 people<\/p>\n<\/div>\n<\/div>\n\n\n\n<figure class=\"wp-block-gallery has-nested-images columns-default is-cropped wp-block-gallery-1 is-layout-flex wp-block-gallery-is-layout-flex\">\n<figure class=\"wp-block-image size-large\"><img fetchpriority=\"high\" decoding=\"async\" width=\"900\" height=\"1200\" data-id=\"941\" src=\"https:\/\/kalebcamacho.com\/veredas\/wp-content\/uploads\/2022\/02\/charco-pilon-2.jpg\" alt=\"\" class=\"wp-image-941\" srcset=\"https:\/\/veredasdemitierra.net\/wp-content\/uploads\/2022\/02\/charco-pilon-2.jpg 900w, https:\/\/veredasdemitierra.net\/wp-content\/uploads\/2022\/02\/charco-pilon-2-225x300.jpg 225w, https:\/\/veredasdemitierra.net\/wp-content\/uploads\/2022\/02\/charco-pilon-2-768x1024.jpg 768w, https:\/\/veredasdemitierra.net\/wp-content\/uploads\/2022\/02\/charco-pilon-2-9x12.jpg 9w, https:\/\/veredasdemitierra.net\/wp-content\/uploads\/2022\/02\/charco-pilon-2-600x800.jpg 600w\" sizes=\"(max-width: 900px) 100vw, 900px\" \/><\/figure>\n\n\n\n<figure class=\"wp-block-image size-large\"><img decoding=\"async\" width=\"900\" height=\"1200\" data-id=\"943\" src=\"https:\/\/kalebcamacho.com\/veredas\/wp-content\/uploads\/2022\/02\/charco-pilon-4.jpg\" alt=\"\" class=\"wp-image-943\" srcset=\"https:\/\/veredasdemitierra.net\/wp-content\/uploads\/2022\/02\/charco-pilon-4.jpg 900w, https:\/\/veredasdemitierra.net\/wp-content\/uploads\/2022\/02\/charco-pilon-4-225x300.jpg 225w, https:\/\/veredasdemitierra.net\/wp-content\/uploads\/2022\/02\/charco-pilon-4-768x1024.jpg 768w, https:\/\/veredasdemitierra.net\/wp-content\/uploads\/2022\/02\/charco-pilon-4-9x12.jpg 9w, https:\/\/veredasdemitierra.net\/wp-content\/uploads\/2022\/02\/charco-pilon-4-600x800.jpg 600w\" sizes=\"(max-width: 900px) 100vw, 900px\" \/><\/figure>\n\n\n\n<figure class=\"wp-block-image size-large\"><img decoding=\"async\" width=\"900\" height=\"1200\" data-id=\"944\" src=\"https:\/\/kalebcamacho.com\/veredas\/wp-content\/uploads\/2022\/02\/charco-pilon-5.jpg\" alt=\"\" class=\"wp-image-944\" srcset=\"https:\/\/veredasdemitierra.net\/wp-content\/uploads\/2022\/02\/charco-pilon-5.jpg 900w, https:\/\/veredasdemitierra.net\/wp-content\/uploads\/2022\/02\/charco-pilon-5-225x300.jpg 225w, https:\/\/veredasdemitierra.net\/wp-content\/uploads\/2022\/02\/charco-pilon-5-768x1024.jpg 768w, https:\/\/veredasdemitierra.net\/wp-content\/uploads\/2022\/02\/charco-pilon-5-9x12.jpg 9w, https:\/\/veredasdemitierra.net\/wp-content\/uploads\/2022\/02\/charco-pilon-5-600x800.jpg 600w\" sizes=\"(max-width: 900px) 100vw, 900px\" \/><\/figure>\n\n\n\n<figure class=\"wp-block-image size-large\"><img loading=\"lazy\" decoding=\"async\" width=\"675\" height=\"1200\" data-id=\"945\" src=\"https:\/\/kalebcamacho.com\/veredas\/wp-content\/uploads\/2022\/02\/charco-pilon-6.jpg\" alt=\"\" class=\"wp-image-945\" srcset=\"https:\/\/veredasdemitierra.net\/wp-content\/uploads\/2022\/02\/charco-pilon-6.jpg 675w, https:\/\/veredasdemitierra.net\/wp-content\/uploads\/2022\/02\/charco-pilon-6-169x300.jpg 169w, https:\/\/veredasdemitierra.net\/wp-content\/uploads\/2022\/02\/charco-pilon-6-576x1024.jpg 576w, https:\/\/veredasdemitierra.net\/wp-content\/uploads\/2022\/02\/charco-pilon-6-7x12.jpg 7w, https:\/\/veredasdemitierra.net\/wp-content\/uploads\/2022\/02\/charco-pilon-6-600x1067.jpg 600w\" sizes=\"(max-width: 675px) 100vw, 675px\" \/><\/figure>\n<\/figure>\n\n\n\n<figure class=\"wp-block-gallery has-nested-images columns-default is-cropped wp-block-gallery-2 is-layout-flex wp-block-gallery-is-layout-flex\">\n<figure class=\"wp-block-image size-large\"><img loading=\"lazy\" decoding=\"async\" width=\"768\" height=\"1024\" data-id=\"1080\" src=\"https:\/\/kalebcamacho.com\/veredas\/wp-content\/uploads\/2022\/08\/87DC3DAC-997B-4FFE-A136-E79CCC6305CF-768x1024.jpeg\" alt=\"\" class=\"wp-image-1080\" srcset=\"https:\/\/veredasdemitierra.net\/wp-content\/uploads\/2022\/08\/87DC3DAC-997B-4FFE-A136-E79CCC6305CF-768x1024.jpeg 768w, https:\/\/veredasdemitierra.net\/wp-content\/uploads\/2022\/08\/87DC3DAC-997B-4FFE-A136-E79CCC6305CF-225x300.jpeg 225w, https:\/\/veredasdemitierra.net\/wp-content\/uploads\/2022\/08\/87DC3DAC-997B-4FFE-A136-E79CCC6305CF-1152x1536.jpeg 1152w, https:\/\/veredasdemitierra.net\/wp-content\/uploads\/2022\/08\/87DC3DAC-997B-4FFE-A136-E79CCC6305CF-1536x2048.jpeg 1536w, https:\/\/veredasdemitierra.net\/wp-content\/uploads\/2022\/08\/87DC3DAC-997B-4FFE-A136-E79CCC6305CF-scaled.jpeg 1920w\" sizes=\"(max-width: 768px) 100vw, 768px\" \/><\/figure>\n<\/figure>\n\n\n\n<p><\/p>","protected":false},"excerpt":{"rendered":"<p>TOUR Dare to enjoy one of the most beautiful forests between Maricao and San Germ\u00e1n as well as its waters, crystalline and sacred waterfalls. We will explore the unique riverside ponds until we reach the impressive Pil\u00f3n waterfall and the ancestral area of the Church. From there you will appreciate and enjoy a sacred place [\u2026]<\/p>","protected":false},"author":3,"featured_media":943,"comment_status":"closed","ping_status":"closed","template":"","eventer-category":[60],"eventer-venue":[68],"eventer-organizer":[55],"class_list":{"0":"post-938","2":"type-eventer","3":"status-publish","4":"has-post-thumbnail","5":"hentry","6":"eventer-category-recorridos","7":"eventer-venue-charco-el-pilon","8":"eventer-organizer-ray-rodriguez"},"eventer_organizer":{"term":"Ray Rodriguez Colon","organizer_phone":"9394642122","organizer_email":"veredasdemitierra@gmail.com","organizer_website":"veredasdemitierra.net","organizer_image":"584"},"eventer_venue":{"term":"Charco el Pil\u00f3n","venue_image":"","venue_address":"El Meson Sandwiches (San Germ\u00e1n), Avenida \u00c1ngel Casto P\u00e9rez, San Germ\u00e1n","venue_coordinates":""},"_links":{"self":[{"href":"https:\/\/veredasdemitierra.net\/en\/wp-json\/wp\/v2\/eventer\/938","targetHints":{"allow":["GET"]}}],"collection":[{"href":"https:\/\/veredasdemitierra.net\/en\/wp-json\/wp\/v2\/eventer"}],"about":[{"href":"https:\/\/veredasdemitierra.net\/en\/wp-json\/wp\/v2\/types\/eventer"}],"author":[{"embeddable":true,"href":"https:\/\/veredasdemitierra.net\/en\/wp-json\/wp\/v2\/users\/3"}],"replies":[{"embeddable":true,"href":"https:\/\/veredasdemitierra.net\/en\/wp-json\/wp\/v2\/comments?post=938"}],"version-history":[{"count":1,"href":"https:\/\/veredasdemitierra.net\/en\/wp-json\/wp\/v2\/eventer\/938\/revisions"}],"predecessor-version":[{"id":1409,"href":"https:\/\/veredasdemitierra.net\/en\/wp-json\/wp\/v2\/eventer\/938\/revisions\/1409"}],"wp:featuredmedia":[{"embeddable":true,"href":"https:\/\/veredasdemitierra.net\/en\/wp-json\/wp\/v2\/media\/943"}],"wp:attachment":[{"href":"https:\/\/veredasdemitierra.net\/en\/wp-json\/wp\/v2\/media?parent=938"}],"wp:term":[{"taxonomy":"eventer-category","embeddable":true,"href":"https:\/\/veredasdemitierra.net\/en\/wp-json\/wp\/v2\/eventer-category?post=938"},{"taxonomy":"eventer-venue","embeddable":true,"href":"https:\/\/veredasdemitierra.net\/en\/wp-json\/wp\/v2\/eventer-venue?post=938"},{"taxonomy":"eventer-organizer","embeddable":true,"href":"https:\/\/veredasdemitierra.net\/en\/wp-json\/wp\/v2\/eventer-organizer?post=938"}],"curies":[{"name":"wp","href":"https:\/\/api.w.org\/{rel}","templated":true}]}}

Hiking (#hiking) to El Pilón pond and the Church

<div class="wp-block-columns is-layout-flex wp-container-core-columns-is-layout-1 wp-block-columns-is-layout-flex">
<div class="wp-block-column is-layout-flow wp-block-column-is-layout-flow"></div>
</div>



<div class="wp-block-columns is-layout-flex wp-container-core-columns-is-layout-2 wp-block-columns-is-layout-flex">
<div class="wp-block-column is-layout-flow wp-block-column-is-layout-flow">
<h3 class="wp-block-heading" id="tour">TOUR</h3>



<p>Dare to enjoy one of the most beautiful forests between Maricao and San Germán as well as its waters, crystalline and sacred waterfalls. We will explore the unique riverside ponds until we reach the impressive Pilón waterfall and the ancestral area of the Church. From there you will appreciate and enjoy a sacred place and the entire natural and healing environment.</p>



<h3 class="wp-block-heading" id="especificaciones-del-evento">Event specifications:</h3>



<ul class="wp-block-list">
<li><strong>Difficulty level:</strong> qualified course of a regular level (2) and (3) good physical condition is required for this type of event. The activity includes a 3-hour walk.</li>



<li>*You will be walking through some slippery spaces and over rocks.&nbsp;</li>



<li>*Activity for adults and young people between the ages of 12 and 20 who are authorized by their parents and accompanied by an adult.</li>



<li>You should come with a good breakfast.</li>



<li>You must read and complete the waiver of responsibility document upon arrival at the meeting point.</li>



<li><strong>Meeting point:</strong><br>Parking lot of the Mesón sandwiches de San Germán, we leave for Charco El Pilón at 9:00 am punctually, so we recommend arriving before or on time.</li>



<li><strong>Link with google pin:</strong>&nbsp;<a href="https://goo.gl/maps/SdSuSzmPMpEWJF8J6">Google Maps</a></li>



<li><strong>Meeting time:</strong> 8:30 a.m.</li>



<li><strong>Schedule</strong>: 9:00 am-1:30 pm (approx.)</li>



<li><strong>Input: </strong>$45</li>
</ul>



<h3 class="wp-block-heading" id="equipo-requerido">Required equipment:</h3>



<ul class="wp-block-list">
<li>car in good condition that can climb steep and narrow roads for more than 30 minutes (if not, they must be willing to do carpooling).</li>



<li>Closed footwear/preferably field boots and/or water shoes.</li>



<li>pants and long shirt (light colors)</li>



<li>reusable water bottle.</li>



<li>If you bring your lunch you must bring your reusable utensils.</li>



<li>bring your swimsuit.</li>



<li>drinking water (2 liters to 1 gallon).</li>



<li>healthy snacks and lunch.</li>



<li>change of clothes and towel.</li>



<li>layer to keep dry in case of rain.</li>



<li>sunscreen.</li>



<li>glasses.</li>



<li>camera (preferably shockproof and waterproof).</li>



<li>hat or cap.</li>



<li>Insect repellent.</li>
</ul>
</div>



<div class="wp-block-column is-layout-flow wp-block-column-is-layout-flow">
<h3 class="wp-block-heading" id="esta-experiencia-incluye">This experience includes:</h3>



<ol class="wp-block-list">
<li>Educational and interpretive experience, tour guided by a trained and certified professional.</li>
</ol>



<h3 class="wp-block-heading" id="dificultad-de-eventos">Event Difficulty:</h3>



<p><strong>Level 1:</strong> Easy / we recommend it for people of all ages.</p>



<p><strong>Level 2:</strong> Regular/includes moderate walks for more than 1 hour, so we recommend parental discretion and supervision over their children&#039;s participation.</p>



<p><strong>Level 3:</strong> Difficult / we recommend it only for people accustomed to long, difficult walks on uneven terrain. We do not recommend the participation of children.</p>



<p><strong>Level 4:</strong> Extreme / we recommend it only for people in excellent physical condition who can handle the challenges of the nature of the place. Includes long walks under difficult environmental conditions. We check your physical condition, your equipment and your clothing before starting.</p>



<p>**For more information, doubts and/or questions you should call 939-464-2122.</p>



<p>To reserve your space you must send your contribution through ATH Móvil to 939-464-2122, ATH Móvil Business using: /veredasdemitierra or through PayPal.<br><br>***WE RESERVE THE RIGHT OF ADMISSION***</p>



<p>*MAXIMUM QUOTE: 12 to 15 people</p>
</div>
</div>



<figure class="wp-block-gallery has-nested-images columns-default is-cropped wp-block-gallery-1 is-layout-flex wp-block-gallery-is-layout-flex">
<figure class="wp-block-image size-large"><img fetchpriority="high" decoding="async" width="900" height="1200" data-id="941" src="https://kalebcamacho.com/veredas/wp-content/uploads/2022/02/charco-pilon-2.jpg" alt="" class="wp-image-941" srcset="https://veredasdemitierra.net/wp-content/uploads/2022/02/charco-pilon-2.jpg 900w, https://veredasdemitierra.net/wp-content/uploads/2022/02/charco-pilon-2-225x300.jpg 225w, https://veredasdemitierra.net/wp-content/uploads/2022/02/charco-pilon-2-768x1024.jpg 768w, https://veredasdemitierra.net/wp-content/uploads/2022/02/charco-pilon-2-9x12.jpg 9w, https://veredasdemitierra.net/wp-content/uploads/2022/02/charco-pilon-2-600x800.jpg 600w" sizes="(max-width: 900px) 100vw, 900px" /></figure>



<figure class="wp-block-image size-large"><img decoding="async" width="900" height="1200" data-id="943" src="https://kalebcamacho.com/veredas/wp-content/uploads/2022/02/charco-pilon-4.jpg" alt="" class="wp-image-943" srcset="https://veredasdemitierra.net/wp-content/uploads/2022/02/charco-pilon-4.jpg 900w, https://veredasdemitierra.net/wp-content/uploads/2022/02/charco-pilon-4-225x300.jpg 225w, https://veredasdemitierra.net/wp-content/uploads/2022/02/charco-pilon-4-768x1024.jpg 768w, https://veredasdemitierra.net/wp-content/uploads/2022/02/charco-pilon-4-9x12.jpg 9w, https://veredasdemitierra.net/wp-content/uploads/2022/02/charco-pilon-4-600x800.jpg 600w" sizes="(max-width: 900px) 100vw, 900px" /></figure>



<figure class="wp-block-image size-large"><img decoding="async" width="900" height="1200" data-id="944" src="https://kalebcamacho.com/veredas/wp-content/uploads/2022/02/charco-pilon-5.jpg" alt="" class="wp-image-944" srcset="https://veredasdemitierra.net/wp-content/uploads/2022/02/charco-pilon-5.jpg 900w, https://veredasdemitierra.net/wp-content/uploads/2022/02/charco-pilon-5-225x300.jpg 225w, https://veredasdemitierra.net/wp-content/uploads/2022/02/charco-pilon-5-768x1024.jpg 768w, https://veredasdemitierra.net/wp-content/uploads/2022/02/charco-pilon-5-9x12.jpg 9w, https://veredasdemitierra.net/wp-content/uploads/2022/02/charco-pilon-5-600x800.jpg 600w" sizes="(max-width: 900px) 100vw, 900px" /></figure>



<figure class="wp-block-image size-large"><img loading="lazy" decoding="async" width="675" height="1200" data-id="945" src="https://kalebcamacho.com/veredas/wp-content/uploads/2022/02/charco-pilon-6.jpg" alt="" class="wp-image-945" srcset="https://veredasdemitierra.net/wp-content/uploads/2022/02/charco-pilon-6.jpg 675w, https://veredasdemitierra.net/wp-content/uploads/2022/02/charco-pilon-6-169x300.jpg 169w, https://veredasdemitierra.net/wp-content/uploads/2022/02/charco-pilon-6-576x1024.jpg 576w, https://veredasdemitierra.net/wp-content/uploads/2022/02/charco-pilon-6-7x12.jpg 7w, https://veredasdemitierra.net/wp-content/uploads/2022/02/charco-pilon-6-600x1067.jpg 600w" sizes="(max-width: 675px) 100vw, 675px" /></figure>
</figure>



<figure class="wp-block-gallery has-nested-images columns-default is-cropped wp-block-gallery-2 is-layout-flex wp-block-gallery-is-layout-flex">
<figure class="wp-block-image size-large"><img loading="lazy" decoding="async" width="768" height="1024" data-id="1080" src="https://kalebcamacho.com/veredas/wp-content/uploads/2022/08/87DC3DAC-997B-4FFE-A136-E79CCC6305CF-768x1024.jpeg" alt="" class="wp-image-1080" srcset="https://veredasdemitierra.net/wp-content/uploads/2022/08/87DC3DAC-997B-4FFE-A136-E79CCC6305CF-768x1024.jpeg 768w, https://veredasdemitierra.net/wp-content/uploads/2022/08/87DC3DAC-997B-4FFE-A136-E79CCC6305CF-225x300.jpeg 225w, https://veredasdemitierra.net/wp-content/uploads/2022/08/87DC3DAC-997B-4FFE-A136-E79CCC6305CF-1152x1536.jpeg 1152w, https://veredasdemitierra.net/wp-content/uploads/2022/08/87DC3DAC-997B-4FFE-A136-E79CCC6305CF-1536x2048.jpeg 1536w, https://veredasdemitierra.net/wp-content/uploads/2022/08/87DC3DAC-997B-4FFE-A136-E79CCC6305CF-scaled.jpeg 1920w" sizes="(max-width: 768px) 100vw, 768px" /></figure>
</figure>



<p></p>

<p>TOUR Dare to enjoy one of the most beautiful forests between Maricao and San Germán as well as its waters, crystalline and sacred waterfalls. We will explore the unique riverside ponds until we reach the impressive Pilón waterfall and the ancestral area of the Church. From there you will appreciate and enjoy a sacred place […]</p>

Charco el Pilón

El Meson Sandwiches (San Germán), Avenida Ángel Casto Pérez, San Germán
