{"id":969,"date":"2022-03-03T10:58:30","date_gmt":"2022-03-03T14:58:30","guid":{"rendered":"https:\/\/kalebcamacho.com\/veredas\/?page_id=969"},"modified":"2022-06-21T14:50:13","modified_gmt":"2022-06-21T18:50:13","slug":"el-mundo-reconoce-a-ray-david-rodriguez","status":"publish","type":"page","link":"https:\/\/veredasdemitierra.net\/en\/el-mundo-reconoce-a-ray-david-rodriguez\/","title":{"rendered":"The world recognizes Ray David Rodr\u00edguez"},"content":{"rendered":"<div data-elementor-type=\"wp-page\" data-elementor-id=\"969\" class=\"elementor elementor-969\" data-elementor-post-type=\"page\">\n\t\t\t\t\t\t<section class=\"elementor-section elementor-top-section elementor-element elementor-element-96fbbca elementor-section-boxed elementor-section-height-default elementor-section-height-default\" data-id=\"96fbbca\" data-element_type=\"section\">\n\t\t\t\t\t\t<div class=\"elementor-container elementor-column-gap-default\">\n\t\t\t\t\t<div class=\"elementor-column elementor-col-50 elementor-top-column elementor-element elementor-element-54465c6\" data-id=\"54465c6\" data-element_type=\"column\">\n\t\t\t<div class=\"elementor-widget-wrap elementor-element-populated\">\n\t\t\t\t\t\t<div class=\"elementor-element elementor-element-21a525c elementor-widget elementor-widget-heading\" data-id=\"21a525c\" data-element_type=\"widget\" data-widget_type=\"heading.default\">\n\t\t\t\t<div class=\"elementor-widget-container\">\n\t\t\t\t\t<h2 class=\"elementor-heading-title elementor-size-default\">The world recognizes Ray David Rodr\u00edguez.<\/h2>\t\t\t\t<\/div>\n\t\t\t\t<\/div>\n\t\t\t\t<div class=\"elementor-element elementor-element-061191e elementor-widget elementor-widget-text-editor\" data-id=\"061191e\" data-element_type=\"widget\" data-widget_type=\"text-editor.default\">\n\t\t\t\t<div class=\"elementor-widget-container\">\n\t\t\t\t\t\t\t\t\t<p>First hour<br \/>By Sandra Torres Guzm\u00e1n<br \/>March 14, 2019 \u2022 5:50pm<\/p><p>More than 4,200 people from 74 countries and 635 cities chose Puerto Rican Ray David Rodr\u00edguez Col\u00f3n as the best ecological tour guide in the world.<\/p><p>Rodr\u00edguez Col\u00f3n, who is the founder of Veredas de mi Tierra, swept the 75% in the voting that concluded last Sunday, March 17.<\/p><p>This was confirmed by the online portal Eco TripMatch, dedicated to promoting ecological tourism, which also nominated participants from Kenya, the United States and Panama.<\/p><blockquote><p>\u201cOn Monday morning I received an email with the news from the founder of Eco TripMatch, where she told me &#039;I want the whole world to know that you are the best nature guide 2019,&#039; said Rodr\u00edguez Col\u00f3n, still excited by the news.<\/p><\/blockquote><p>\u201cMy reaction was like &#039;wow&#039;, unexpected, because when competing with two people from Kenya, another from California, from Panama, well I said that I am not a demographer, but these people have many more people than Puerto Rico. I didn&#039;t expect it, I felt happy, a little assimilating it, but it was a source of great joy and surprise,&quot; confessed the southerner raised in the Olimpo neighborhood of Guayama.<\/p><p>The people who voted found out before Rodr\u00edguez Col\u00f3n, since they received an email with the results.<\/p><blockquote><p>\u201cAt the time I was absorbing the news, people were already calling me from all over the Island, from New York and other parts of the United States, co-workers; \u201cThey were all waiting,\u201d celebrated the tour guide, environmental interpreter and educator.<\/p><\/blockquote><p>But the achievement not only benefits this nature lover, but also puts Puerto Rico in the global spotlight to promote its natural spaces.<\/p><blockquote><p>\u201cFor me it represents that the sacrifice for our communities is worth it; There are more of us who are good and we cannot take ourselves away to continue doing things that benefit our communities and Puerto Rico. It continues to be proven that the most valuable resource a country has is its people,\u201d he highlighted.<\/p><p>\u201cFor Puerto Rico this represents a great opportunity to expose ecotourism as a viable and sustainable opportunity that we should focus on. It leads us to propose that our communities continue to educate themselves, making an effort to receive the visitor as they deserve,\u201d he stated.<\/p><\/blockquote>\t\t\t\t\t\t\t\t<\/div>\n\t\t\t\t<\/div>\n\t\t\t\t\t<\/div>\n\t\t<\/div>\n\t\t\t\t<div class=\"elementor-column elementor-col-50 elementor-top-column elementor-element elementor-element-bfc76c3\" data-id=\"bfc76c3\" data-element_type=\"column\">\n\t\t\t<div class=\"elementor-widget-wrap elementor-element-populated\">\n\t\t\t\t\t\t<div class=\"elementor-element elementor-element-7089d23 elementor-widget elementor-widget-image\" data-id=\"7089d23\" data-element_type=\"widget\" data-widget_type=\"image.default\">\n\t\t\t\t<div class=\"elementor-widget-container\">\n\t\t\t\t\t\t\t\t\t\t\t\t\t\t\t<img fetchpriority=\"high\" decoding=\"async\" width=\"800\" height=\"396\" src=\"https:\/\/veredasdemitierra.net\/wp-content\/uploads\/2022\/03\/RIDPA7TESZAA3LX7LTHTSW5UME-1024x507.jpg\" class=\"attachment-large size-large wp-image-978\" alt=\"\" srcset=\"https:\/\/veredasdemitierra.net\/wp-content\/uploads\/2022\/03\/RIDPA7TESZAA3LX7LTHTSW5UME-1024x507.jpg 1024w, https:\/\/veredasdemitierra.net\/wp-content\/uploads\/2022\/03\/RIDPA7TESZAA3LX7LTHTSW5UME-300x148.jpg 300w, https:\/\/veredasdemitierra.net\/wp-content\/uploads\/2022\/03\/RIDPA7TESZAA3LX7LTHTSW5UME-768x380.jpg 768w, https:\/\/veredasdemitierra.net\/wp-content\/uploads\/2022\/03\/RIDPA7TESZAA3LX7LTHTSW5UME.jpg 1390w\" sizes=\"(max-width: 800px) 100vw, 800px\" \/>\t\t\t\t\t\t\t\t\t\t\t\t\t\t\t<\/div>\n\t\t\t\t<\/div>\n\t\t\t\t<div class=\"elementor-element elementor-element-62f130a elementor-widget elementor-widget-image\" data-id=\"62f130a\" data-element_type=\"widget\" data-widget_type=\"image.default\">\n\t\t\t\t<div class=\"elementor-widget-container\">\n\t\t\t\t\t\t\t\t\t\t\t\t\t\t\t<img decoding=\"async\" width=\"800\" height=\"534\" src=\"https:\/\/veredasdemitierra.net\/wp-content\/uploads\/2022\/03\/ray-rodriguez-1024x683.jpg\" class=\"attachment-large size-large wp-image-970\" alt=\"\" srcset=\"https:\/\/veredasdemitierra.net\/wp-content\/uploads\/2022\/03\/ray-rodriguez-1024x683.jpg 1024w, https:\/\/veredasdemitierra.net\/wp-content\/uploads\/2022\/03\/ray-rodriguez-300x200.jpg 300w, https:\/\/veredasdemitierra.net\/wp-content\/uploads\/2022\/03\/ray-rodriguez-768x512.jpg 768w, https:\/\/veredasdemitierra.net\/wp-content\/uploads\/2022\/03\/ray-rodriguez-600x400.jpg 600w, https:\/\/veredasdemitierra.net\/wp-content\/uploads\/2022\/03\/ray-rodriguez.jpg 1200w\" sizes=\"(max-width: 800px) 100vw, 800px\" \/>\t\t\t\t\t\t\t\t\t\t\t\t\t\t\t<\/div>\n\t\t\t\t<\/div>\n\t\t\t\t<div class=\"elementor-element elementor-element-e21fce5 elementor-widget elementor-widget-image\" data-id=\"e21fce5\" data-element_type=\"widget\" data-widget_type=\"image.default\">\n\t\t\t\t<div class=\"elementor-widget-container\">\n\t\t\t\t\t\t\t\t\t\t\t\t\t\t\t<img decoding=\"async\" width=\"768\" height=\"1024\" src=\"https:\/\/veredasdemitierra.net\/wp-content\/uploads\/2021\/12\/Salto-Collores-12-768x1024.jpg\" class=\"attachment-large size-large wp-image-623\" alt=\"\" srcset=\"https:\/\/veredasdemitierra.net\/wp-content\/uploads\/2021\/12\/Salto-Collores-12-768x1024.jpg 768w, https:\/\/veredasdemitierra.net\/wp-content\/uploads\/2021\/12\/Salto-Collores-12-225x300.jpg 225w, https:\/\/veredasdemitierra.net\/wp-content\/uploads\/2021\/12\/Salto-Collores-12-600x800.jpg 600w, https:\/\/veredasdemitierra.net\/wp-content\/uploads\/2021\/12\/Salto-Collores-12.jpg 900w\" sizes=\"(max-width: 768px) 100vw, 768px\" \/>\t\t\t\t\t\t\t\t\t\t\t\t\t\t\t<\/div>\n\t\t\t\t<\/div>\n\t\t\t\t\t<\/div>\n\t\t<\/div>\n\t\t\t\t\t<\/div>\n\t\t<\/section>\n\t\t\t\t<\/div>","protected":false},"excerpt":{"rendered":"<p>The world recognizes Ray David Rodr\u00edguez. PrimeraHoraBy Sandra Torres Guzm\u00e1nMarch 14, 2019 \u2022 5:50pm More than 4,200 people from 74 countries and 635 cities chose Puerto Rican Ray David Rodr\u00edguez Col\u00f3n as the best ecological tour guide in the world. Rodr\u00edguez Col\u00f3n, who is the founder of Veredas de mi Tierra, devastated [\u2026]<\/p>","protected":false},"author":3,"featured_media":970,"parent":0,"menu_order":0,"comment_status":"closed","ping_status":"closed","template":"","meta":{"footnotes":""},"class_list":["post-969","page","type-page","status-publish","has-post-thumbnail","hentry"],"_links":{"self":[{"href":"https:\/\/veredasdemitierra.net\/en\/wp-json\/wp\/v2\/pages\/969","targetHints":{"allow":["GET"]}}],"collection":[{"href":"https:\/\/veredasdemitierra.net\/en\/wp-json\/wp\/v2\/pages"}],"about":[{"href":"https:\/\/veredasdemitierra.net\/en\/wp-json\/wp\/v2\/types\/page"}],"author":[{"embeddable":true,"href":"https:\/\/veredasdemitierra.net\/en\/wp-json\/wp\/v2\/users\/3"}],"replies":[{"embeddable":true,"href":"https:\/\/veredasdemitierra.net\/en\/wp-json\/wp\/v2\/comments?post=969"}],"version-history":[{"count":17,"href":"https:\/\/veredasdemitierra.net\/en\/wp-json\/wp\/v2\/pages\/969\/revisions"}],"predecessor-version":[{"id":1055,"href":"https:\/\/veredasdemitierra.net\/en\/wp-json\/wp\/v2\/pages\/969\/revisions\/1055"}],"wp:featuredmedia":[{"embeddable":true,"href":"https:\/\/veredasdemitierra.net\/en\/wp-json\/wp\/v2\/media\/970"}],"wp:attachment":[{"href":"https:\/\/veredasdemitierra.net\/en\/wp-json\/wp\/v2\/media?parent=969"}],"curies":[{"name":"wp","href":"https:\/\/api.w.org\/{rel}","templated":true}]}}

The world recognizes Ray David Rodríguez

<div data-elementor-type="wp-page" data-elementor-id="969" class="elementor elementor-969" data-elementor-post-type="page">
						<section class="elementor-section elementor-top-section elementor-element elementor-element-96fbbca elementor-section-boxed elementor-section-height-default elementor-section-height-default" data-id="96fbbca" data-element_type="section">
						<div class="elementor-container elementor-column-gap-default">
					<div class="elementor-column elementor-col-50 elementor-top-column elementor-element elementor-element-54465c6" data-id="54465c6" data-element_type="column">
			<div class="elementor-widget-wrap elementor-element-populated">
						<div class="elementor-element elementor-element-21a525c elementor-widget elementor-widget-heading" data-id="21a525c" data-element_type="widget" data-widget_type="heading.default">
				<div class="elementor-widget-container">
					<h2 class="elementor-heading-title elementor-size-default">The world recognizes Ray David Rodríguez.</h2>				</div>
				</div>
				<div class="elementor-element elementor-element-061191e elementor-widget elementor-widget-text-editor" data-id="061191e" data-element_type="widget" data-widget_type="text-editor.default">
				<div class="elementor-widget-container">
									<p>First hour<br />By Sandra Torres Guzmán<br />March 14, 2019 • 5:50pm</p><p>More than 4,200 people from 74 countries and 635 cities chose Puerto Rican Ray David Rodríguez Colón as the best ecological tour guide in the world.</p><p>Rodríguez Colón, who is the founder of Veredas de mi Tierra, swept the 75% in the voting that concluded last Sunday, March 17.</p><p>This was confirmed by the online portal Eco TripMatch, dedicated to promoting ecological tourism, which also nominated participants from Kenya, the United States and Panama.</p><blockquote><p>“On Monday morning I received an email with the news from the founder of Eco TripMatch, where she told me &#039;I want the whole world to know that you are the best nature guide 2019,&#039; said Rodríguez Colón, still excited by the news.</p></blockquote><p>“My reaction was like &#039;wow&#039;, unexpected, because when competing with two people from Kenya, another from California, from Panama, well I said that I am not a demographer, but these people have many more people than Puerto Rico. I didn&#039;t expect it, I felt happy, a little assimilating it, but it was a source of great joy and surprise,&quot; confessed the southerner raised in the Olimpo neighborhood of Guayama.</p><p>The people who voted found out before Rodríguez Colón, since they received an email with the results.</p><blockquote><p>“At the time I was absorbing the news, people were already calling me from all over the Island, from New York and other parts of the United States, co-workers; “They were all waiting,” celebrated the tour guide, environmental interpreter and educator.</p></blockquote><p>But the achievement not only benefits this nature lover, but also puts Puerto Rico in the global spotlight to promote its natural spaces.</p><blockquote><p>“For me it represents that the sacrifice for our communities is worth it; There are more of us who are good and we cannot take ourselves away to continue doing things that benefit our communities and Puerto Rico. It continues to be proven that the most valuable resource a country has is its people,” he highlighted.</p><p>“For Puerto Rico this represents a great opportunity to expose ecotourism as a viable and sustainable opportunity that we should focus on. It leads us to propose that our communities continue to educate themselves, making an effort to receive the visitor as they deserve,” he stated.</p></blockquote>								</div>
				</div>
					</div>
		</div>
				<div class="elementor-column elementor-col-50 elementor-top-column elementor-element elementor-element-bfc76c3" data-id="bfc76c3" data-element_type="column">
			<div class="elementor-widget-wrap elementor-element-populated">
						<div class="elementor-element elementor-element-7089d23 elementor-widget elementor-widget-image" data-id="7089d23" data-element_type="widget" data-widget_type="image.default">
				<div class="elementor-widget-container">
															<img fetchpriority="high" decoding="async" width="800" height="396" src="https://veredasdemitierra.net/wp-content/uploads/2022/03/RIDPA7TESZAA3LX7LTHTSW5UME-1024x507.jpg" class="attachment-large size-large wp-image-978" alt="" srcset="https://veredasdemitierra.net/wp-content/uploads/2022/03/RIDPA7TESZAA3LX7LTHTSW5UME-1024x507.jpg 1024w, https://veredasdemitierra.net/wp-content/uploads/2022/03/RIDPA7TESZAA3LX7LTHTSW5UME-300x148.jpg 300w, https://veredasdemitierra.net/wp-content/uploads/2022/03/RIDPA7TESZAA3LX7LTHTSW5UME-768x380.jpg 768w, https://veredasdemitierra.net/wp-content/uploads/2022/03/RIDPA7TESZAA3LX7LTHTSW5UME.jpg 1390w" sizes="(max-width: 800px) 100vw, 800px" />															</div>
				</div>
				<div class="elementor-element elementor-element-62f130a elementor-widget elementor-widget-image" data-id="62f130a" data-element_type="widget" data-widget_type="image.default">
				<div class="elementor-widget-container">
															<img decoding="async" width="800" height="534" src="https://veredasdemitierra.net/wp-content/uploads/2022/03/ray-rodriguez-1024x683.jpg" class="attachment-large size-large wp-image-970" alt="" srcset="https://veredasdemitierra.net/wp-content/uploads/2022/03/ray-rodriguez-1024x683.jpg 1024w, https://veredasdemitierra.net/wp-content/uploads/2022/03/ray-rodriguez-300x200.jpg 300w, https://veredasdemitierra.net/wp-content/uploads/2022/03/ray-rodriguez-768x512.jpg 768w, https://veredasdemitierra.net/wp-content/uploads/2022/03/ray-rodriguez-600x400.jpg 600w, https://veredasdemitierra.net/wp-content/uploads/2022/03/ray-rodriguez.jpg 1200w" sizes="(max-width: 800px) 100vw, 800px" />															</div>
				</div>
				<div class="elementor-element elementor-element-e21fce5 elementor-widget elementor-widget-image" data-id="e21fce5" data-element_type="widget" data-widget_type="image.default">
				<div class="elementor-widget-container">
															<img decoding="async" width="768" height="1024" src="https://veredasdemitierra.net/wp-content/uploads/2021/12/Salto-Collores-12-768x1024.jpg" class="attachment-large size-large wp-image-623" alt="" srcset="https://veredasdemitierra.net/wp-content/uploads/2021/12/Salto-Collores-12-768x1024.jpg 768w, https://veredasdemitierra.net/wp-content/uploads/2021/12/Salto-Collores-12-225x300.jpg 225w, https://veredasdemitierra.net/wp-content/uploads/2021/12/Salto-Collores-12-600x800.jpg 600w, https://veredasdemitierra.net/wp-content/uploads/2021/12/Salto-Collores-12.jpg 900w" sizes="(max-width: 768px) 100vw, 768px" />															</div>
				</div>
					</div>
		</div>
					</div>
		</section>
				</div>

<p>The world recognizes Ray David Rodríguez. PrimeraHoraBy Sandra Torres GuzmánMarch 14, 2019 • 5:50pm More than 4,200 people from 74 countries and 635 cities chose Puerto Rican Ray David Rodríguez Colón as the best ecological tour guide in the world. Rodríguez Colón, who is the founder of Veredas de mi Tierra, devastated […]</p>
